Let u(o) = -2*o - 6. Calculate u(7).
-20
Let s(i) = 2*i + 34. What is s(-16)?
2
Let g(z) = z + 6. Calculate g(0).
6
Let z(q) = -q**3 - 5*q**2 - 6*q - 3. Determine z(-3).
-3
Let a(i) = 3*i - 157. Give a(39).
-40
Let s(d) = -d**3 - 9*d**2 + 11*d + 7. Give s(-10).
-3
Let q(w) = w**2 + 15*w + 17. Calculate q(-13).
-9
Let m(n) = -n**2 - 4*n + 2. Calculate m(-5).
-3
Let g(m) = -m**3 - 9*m**2 + 10*m - 3. Determine g(-10).
-3
Let w(n) = -n**2 + 6*n - 19. What is w(9)?
-46
Let b(t) = -t**2 + 7*t + 5. Determine b(10).
-25
Let y(o) = -o**3 - 7*o**2 - 4*o + 1. Calculate y(-6).
-11
Let m(z) = -23*z - 68. What is m(-6)?
70
Let r(a) = a - 17. What is r(14)?
-3
Let v(f) = -2*f + 20. Calculate v(11).
-2
Let q(d) = -d**2 + 11*d - 13. Determine q(9).
5
Let x(p) = -p**3 - 6*p**2 - 2*p + 8. Determine x(-6).
20
Let f(z) = z**2 - 30*z + 51. Determine f(28).
-5
Let c(p) = 14*p + 18. What is c(-2)?
-10
Let m(h) = -h**2 - 13*h - 47. Give m(-12).
-35
Let r(q) = q + 1. Determine r(12).
13
Let v(a) = 2*a + 23. What is v(-6)?
11
Let d(o) = 11*o**3. Give d(1).
11
Let a(m) = -4*m**2 + 3*m - 7. Determine a(0).
-7
Let w(u) = 14*u - 34. Calculate w(4).
22
Let w(r) = -r**3 - r**2 - r + 12. Determine w(0).
12
Let v(r) = -r**3 - 6*r**2 + 3*r + 15. Determine v(-6).
-3
Let i(w) = 4*w**3 + 2*w - 2. Calculate i(2).
34
Let g(v) = -v**2 - 3*v + 8. Calculate g(-4).
4
Let w(u) = -122*u - 499. Determine w(-4).
-11
Let r(m) = m**3 - 8*m**2 + 2*m + 58. Determine r(7).
23
Let o(g) = -10*g - 72. Determine o(-7).
-2
Let y(b) = b**3 + 10*b**2 - 23*b + 14. Calculate y(-12).
2
Let x(b) = -8*b**2 - 2*b + 2. What is x(-2)?
-26
Let n(g) = -2*g**2 - 3*g - 2. Give n(-2).
-4
Let w(c) = -c**3 - 11*c**2 - 7*c + 32. Give w(-10).
2
Let a(r) = -5*r**3 - 3*r**2 + r - 1. Give a(2).
-51
Let l(b) = b**3 + 3*b**2 - 5*b - 1. Determine l(-4).
3
Let q(a) = -a**3 + 33*a**2 - 34*a + 51. Calculate q(32).
-13
Let f(d) = -d**2 - 7*d - 10. Calculate f(-3).
2
Let f(c) = c**2 + 5*c - 6. Calculate f(0).
-6
Let n(f) = -f + 2. Calculate n(-7).
9
Let r(l) = -l**2 + 5*l - 14. Give r(4).
-10
Let m(y) = y - 9. Calculate m(4).
-5
Let r(k) = 5*k**2 - 28*k - 20. Give r(7).
29
Let z(i) = i**3 + 5*i**2 - 5. Determine z(-5).
-5
Let u(v) = 2*v**2 - 73*v + 37. Determine u(36).
1
Let d(u) = -u**2 + 99*u. Calculate d(0).
0
Let p(u) = 9*u - 68. What is p(8)?
4
Let h(t) = 4*t**2 + 16*t + 2. Determine h(-3).
-10
Let l(j) = -j**3 + 10*j**2 - 2*j + 12. Calculate l(10).
-8
Let z(m) = -6*m - 3. Calculate z(8).
-51
Let a(d) = d**3 + 3*d**2 + d. Calculate a(-5).
-55
Let h(c) = -c**2 - 7*c + 134. Give h(-16).
-10
Let y(d) = 5*d - 4. Determine y(2).
6
Let s(x) = x. Determine s(-5).
-5
Let u(s) = -73*s - 30. What is u(-1)?
43
Let b(j) = -2*j**2 + 6*j + 18. Give b(8).
-62
Let d(l) = 39*l**2 - l - 1. Calculate d(-1).
39
Let r(l) = 10*l + 5. Calculate r(-5).
-45
Let o(c) = c**2 + 2*c - 11. What is o(-5)?
4
Let u(v) = -34*v - 6. Calculate u(-1).
28
Let k(q) = q**2 - 2*q + 2. Determine k(1).
1
Let w(j) = -j - 2. Determine w(-7).
5
Let t(c) = c**2 + 7*c - 63. What is t(-15)?
57
Let v(f) = f**2 + 4*f - 16. Calculate v(-7).
5
Let b(v) = v**2 - 3*v + 7. Determine b(0).
7
Let z(a) = -2*a - 5. Calculate z(-5).
5
Let x(h) = -3*h + 73. Give x(26).
-5
Let c(x) = -7*x**3 + 2*x**2 - 2*x + 1. Give c(1).
-6
Let b(x) = -x**3 - 4*x**2 + 4*x - 12. Calculate b(-5).
-7
Let v(o) = -2*o**2 + 53*o - 23. Determine v(26).
3
Let u(s) = -3*s - 8. Calculate u(-5).
7
Let b(j) = j**3 - 14*j**2 + 13*j - 1. Calculate b(13).
-1
Let t(s) = s**3 - 10*s**2 + 13*s - 266. Determine t(11).
-2
Let v(m) = -8*m + 63. Give v(8).
-1
Let m(d) = -d**2 - 8*d + 3. What is m(-9)?
-6
Let m(w) = -w**3 - 3*w**2 + 3*w + 7. Determine m(-4).
11
Let g(k) = 2*k**2 - 21*k + 4. Give g(12).
40
Let w(i) = i**2 - 8*i + 7. Calculate w(8).
7
Let c(l) = 2*l**2 - 42*l + 132. Calculate c(17).
-4
Let c(u) = 13*u - 148. Determine c(11).
-5
Let h(z) = 2*z**2 - 3*z + 18. Give h(-5).
83
Let d(o) = o**3 + 14*o**2 + 16*o + 8. Calculate d(-13).
-31
Let t(g) = -24*g + 470. Determine t(20).
-10
Let w(o) = -4*o**2 + 2*o - 3. Give w(3).
-33
Let v(s) = -s**3 + 40*s**2 + 43*s - 74. Determine v(41).
8
Let n(m) = -m**3 - 6*m**2 + 2*m - 34. Give n(-7).
1
Let c(o) = -2*o**2 + 8. Determine c(7).
-90
Let l(j) = 3*j**3 - j**2 - 4. Determine l(2).
16
Let r(c) = -c**3 - 7*c**2 + 6*c - 5. Determine r(-6).
-77
Let i(m) = m**3 - 7*m**2 + 7*m - 4. Calculate i(6).
2
Let p(f) = -32*f - 79. Give p(-3).
17
Let t(s) = -5*s + 10. What is t(3)?
-5
Let t(w) = -4*w + 31. What is t(8)?
-1
Let z(f) = -f + 1. What is z(6)?
-5
Let l(u) = -u**2 + 7*u + 3. Determine l(6).
9
Let h(c) = 25*c + 94. Calculate h(-4).
-6
Let y(c) = -4*c**2 + c - 3. What is y(-1)?
-8
Let r(d) = -d**2 + 36*d + 578. Determine r(48).
2
Let q(d) = 12*d**2 + 85*d - 1. Calculate q(-7).
-8
Let n(x) = 8*x + 24. Calculate n(-6).
-24
Let m(g) = -8*g - 12. Calculate m(-4).
20
Let o(x) = -3*x**3 - 4*x**2 + 3*x. Give o(2).
-34
Let z(l) = 2*l**3 - 4*l**2 - 4*l - 2. What is z(-2)?
-26
Let z(y) = -y**2 + 6*y - 3. Determine z(3).
6
Let r(y) = y**2 + 10*y + 14. Calculate r(-6).
-10
Let t(f) = f**2 - 27*f + 66. Determine t(3).
-6
Let i(x) = x**3 - 3*x**2 - 4*x + 7. Calculate i(3).
-5
Let b(p) = p**2 + 5*p - 8. Determine b(2).
6
Let z(p) = p + 1. What is z(-12)?
-11
Let z(a) = -a**2 - 10*a - 1. Give z(-7).
20
Let j(s) = -s**3 + 15*s**2 + s - 15. Give j(15).
0
Let x(d) = -6*d**2 - 4*d + 3. What is x(2)?
-29
Let l(t) = t**3 + 7*t**2 - 8*t - 1. What is l(-8)?
-1
Let q(a) = a**3 + 7*a**2 + 10*a + 5. What is q(-5)?
5
Let z(o) = -o**2 + 7*o + 6. Calculate z(10).
-24
Let p(l) = -3*l**2 - 2*l - 3. What is p(-1)?
-4
Let s(q) = -q**2 + 7*q + 10. Determine s(12).
-50
Let m(k) = k**3 + 4*k - 3. Give m(-4).
-83
Let l(o) = -18*o**2 - o - 4. Calculate l(-2).
-74
Let x(r) = -r**3 - 2*r**2 - r. Calculate x(-2).
2
Let t(c) = -2*c**2 - 5*c - 4. Give t(-2).
-2
Let h(b) = b**2 + 5*b - 22. Give h(-8).
2
Let w(v) = 2*v**2 - 8*v - 1. Calculate w(7).
41
Let w(k) = -20*k**2 - 9*k - 1. What is w(-1)?
-12
Let l(d) = -d**3 + 2*d**2 - 4*d + 1. What is l(3)?
-20
Let m(t) = 7*t**2 - 2*t + 1. Calculate m(-1).
10
Let y(u) = u**3 - 6*u**2 - 2*u - 36. Determine y(7).
-1
Let i(h) = -3*h**2 - 22*h - 24. Calculate i(-6).
0
Let r(m) = -m**2 + 6*m + 26. Give r(0).
26
Let u(g) = -2*g**3 + 2*g**2 + 9*g - 10. Calculate u(4).
-70
Let l(g) = -31*g - 120. Determine l(-4).
4
Let b(r) = -r**2 + 13*r + 23. Determine b(15).
-7
Let k(q) = -4*q + 29. What is k(8)?
-3
Let r(u) = -8*u**3 + 9*u**2 - 12*u + 2. What is r(1)?
-9
Let a(v) = 2*v**2 + 8*v - 14. Give a(-7).
28
Let s(d) = -d**3 + 4*d**2 - d + 4. Calculate s(4).
0
Let u(b) = -7*b - 16. Give u(-3).
5
Let p(d) = -d**2 - 19. Determine p(0).
-19
Let g(i) = 13*i - 64. Calculate g(5).
1
Let m(u) = -7*u + 46. Determine m(6).
4
Let z(p) = 7*p + 17. What is z(-12)?
-67
Let z(i) = -i**3 + 9*i**2 - 4*i - 9. Give z(8).
23
Let b(r) = 3*r**2 - 10*r + 3. Give b(5).
28
Let g(w) = w**3 - 6*w**2 + 3*w + 2. Determine g(3).
-16
Let v(t) = -5*t + 99. Give v(20).
-1
Let c(l) = -l**2 + l + 9. What is c(0)?
9
Let p(z) = 24*z + 502. Calculate p(-21).
-2
Let l(i) = -19*i**2 - 16*i + 2. What is l(-1)?
-1
Let a(b) = b**3 + 10*b**2 + 12*b - 12. What is a(-8)?
20
Let r(y) = 176*y + 878. What is r(-5)?
-2
Let o(l) = -l**2 - 14*l - 33. What is o(-4)?
7
Let d(v) = -12*v + 154. Give d(12).
10
Let b(d) = -2*d + 3. Determine b(-5).
13
Let r(j) = 13*j - 320. Calculate r(25).
5
Let p(u) = 25*u + 1. Determine p(-2).
-49
Let t(f) = -f**2 - 13*f + 4. What is t(-9)?
40
Let o(y) = -y**3 + 5*y**2 + 6*y - 9. What is o(6)?
-9
Let z(h) = -h**2 - 8*h + 1. Calculate z(0).
1
Let r(v) = v**3 + 8*v**2 + 8*v + 24. What is r(-8)?
-40
Let z(i) = -i**2 - i + 1. Determine z(-1).
1
Let s(j) = -j**2 - 9*j + 3. Give s(-10).
-7
Let u(o) = o**3 - 5*o**2 - 3*o - 13. Give u(3).
-40
Let l(v) = 6*v - 42. What is l(6)?
-6
Let j(m) = -m**3 - m**2 + 4*m - 9. What is j(-3)?
-3
Let f(g) = 5*g - 29. Determine f(-8).
-69
Let q(p) = -2*p**2 + 7*p - 18. What is q(3)?
-15
Let a(h) = h**2 + 10*h + 26. Give a(-11).
37
Let x(p) = -p**2 + 7*p. Determine x(7).
0
Let a(x) = -18*x - 134. Give a(-8).
10
Let o(b) = -8*b + 51. Give o(7).
-5
Let v(f) = 2*f**3 - 60*f**2 + 56*f + 54. What is v(29)?
-4
Let s(v) = 6*v**2 + v + 2. Calculate s(-1).
7
Let h(f) = -f**3 - 7*f**2 - 10*f - 18.